{"id":183,"date":"2023-03-20T18:05:16","date_gmt":"2023-03-20T17:05:16","guid":{"rendered":"https:\/\/patronagesainteclaire.fr\/?page_id=183"},"modified":"2025-11-18T16:48:17","modified_gmt":"2025-11-18T15:48:17","slug":"nous-soutenir","status":"publish","type":"page","link":"https:\/\/patronagesainteclaire.fr\/index.php\/nous-soutenir\/","title":{"rendered":"Nous soutenir"},"content":{"rendered":"\n<h2 class=\"wp-block-heading has-luminous-vivid-orange-color has-text-color has-large-font-size\">Faire un don<\/h2>\n\n\n\n<p class=\"has-black-color has-text-color has-link-color has-medium-font-size wp-elements-5b07df1be2dfd5ebeebdadd0a5b5656e\">Une grande partie des jeunes accueillis au sein du patronage habite dans des logements sociaux autour de la porte de Pantin et sont scolaris\u00e9s dans des \u00e9tablissements identifi\u00e9s \u00ab&nbsp;r\u00e9seau d\u2019\u00e9ducation prioritaire&nbsp;\u00bb (REP).<\/p>\n\n\n\n<p class=\"has-text-align-left justification_texte has-black-color has-text-color has-link-color has-medium-font-size wp-elements-c866748f2b62d06324e68a44b1faeef1\"><strong>La poursuite de notre activit\u00e9 d\u00e9pend des subventions de fondations et des dons de particuliers afin de nous permettre de rester un lieu accessible \u00e0 tous !<\/strong><\/p>\n\n\n\n<p class=\"has-text-align-center has-luminous-vivid-amber-color has-text-color has-link-color has-medium-font-size wp-elements-0e6f12195ecf9e5162c353f2a8e7d0a9\"><strong>Un grand merci pour votre soutien !<\/strong><\/p>\n\n\n\n<h2 class=\"wp-block-heading has-luminous-vivid-orange-color has-text-color has-large-font-size\">D\u00e9duction fiscale <\/h2>\n\n\n\n<p class=\"justification_texte has-black-color has-text-color has-medium-font-size\">Si vous \u00eates imposable, la loi du 18 janvier 2005 (art. 127) vous permet de d\u00e9duire de vos imp\u00f4ts 66% de votre don (dans la limite de 20% de votre revenu imposable).<br>Vous recevrez automatiquement un re\u00e7u fiscal. <br><em>Par exemple : si vous faites un don de 100\u20ac : <br>\u2022 Il vous co\u00fbtera 34 \u20ac<br>\u2022 Vous recevrez un re\u00e7u fiscal permettant une d\u00e9duction de 66 \u20ac de vos imp\u00f4ts<\/em><\/p>\n\n\n\n<div class=\"wp-block-buttons is-content-justification-center is-layout-flex wp-container-core-buttons-is-layout-16018d1d wp-block-buttons-is-layout-flex\">\n<div class=\"wp-block-button is-style-fill\"><a class=\"wp-block-button__link has-luminous-vivid-orange-background-color has-background has-medium-font-size has-text-align-center has-custom-font-size wp-element-button\" href=\"https:\/\/acel-nouveau-souffle-685405dbda980.assoconnect.com\/collect\/description\/620481-t-campagne-de-dons-2025-2026\">Je souhaite donner en ligne ! <\/a><\/div>\n<\/div>\n\n\n\n<p class=\"has-black-color has-text-color has-medium-font-size\"><strong>Par ch\u00e8que <br><\/strong>\u00c0 l&rsquo;ordre de l&rsquo;ACEL Nouveau Souffle. <br><br><strong>En esp\u00e8ces <br><\/strong>Un re\u00e7u vous sera remis. <br><br><strong>Par virement <br><\/strong>En nous demandant le RIB. <\/p>\n\n\n\n<div class=\"wp-block-columns is-layout-flex wp-container-core-columns-is-layout-9d6595d7 wp-block-columns-is-layout-flex\">\n<div class=\"wp-block-column is-layout-flow wp-block-column-is-layout-flow\">\n<figure class=\"wp-block-image size-large\"><img decoding=\"async\" width=\"724\" height=\"1024\" src=\"https:\/\/patronagesainteclaire.fr\/wp-content\/uploads\/2025\/11\/2025-2026-724x1024.png\" alt=\"\" class=\"wp-image-1458\" srcset=\"https:\/\/patronagesainteclaire.fr\/wp-content\/uploads\/2025\/11\/2025-2026-724x1024.png 724w, https:\/\/patronagesainteclaire.fr\/wp-content\/uploads\/2025\/11\/2025-2026-212x300.png 212w, https:\/\/patronagesainteclaire.fr\/wp-content\/uploads\/2025\/11\/2025-2026-768x1086.png 768w, https:\/\/patronagesainteclaire.fr\/wp-content\/uploads\/2025\/11\/2025-2026-1086x1536.png 1086w, https:\/\/patronagesainteclaire.fr\/wp-content\/uploads\/2025\/11\/2025-2026-958x1355.png 958w, https:\/\/patronagesainteclaire.fr\/wp-content\/uploads\/2025\/11\/2025-2026.png 1414w\" sizes=\"(max-width: 724px) 100vw, 724px\" \/><\/figure>\n<\/div>\n\n\n\n<div class=\"wp-block-column is-layout-flow wp-block-column-is-layout-flow\">\n<figure class=\"wp-block-image size-large\"><img decoding=\"async\" width=\"1414\" height=\"2000\" src=\"https:\/\/patronagesainteclaire.fr\/wp-content\/uploads\/2025\/11\/4-724x1024.png\" alt=\"\" class=\"wp-image-1459\" srcset=\"https:\/\/patronagesainteclaire.fr\/wp-content\/uploads\/2025\/11\/4-724x1024.png 724w, https:\/\/patronagesainteclaire.fr\/wp-content\/uploads\/2025\/11\/4-212x300.png 212w, https:\/\/patronagesainteclaire.fr\/wp-content\/uploads\/2025\/11\/4-768x1086.png 768w, https:\/\/patronagesainteclaire.fr\/wp-content\/uploads\/2025\/11\/4-1086x1536.png 1086w, https:\/\/patronagesainteclaire.fr\/wp-content\/uploads\/2025\/11\/4-958x1355.png 958w, https:\/\/patronagesainteclaire.fr\/wp-content\/uploads\/2025\/11\/4.png 1414w\" sizes=\"(max-width: 1414px) 100vw, 1414px\" \/><\/figure>\n<\/div>\n<\/div>\n","protected":false},"excerpt":{"rendered":"<p>Faire un don Une grande partie des jeunes accueillis au sein du patronage habite dans des logements sociaux autour de la porte de Pantin et sont scolaris\u00e9s dans des \u00e9tablissements identifi\u00e9s \u00ab&nbsp;r\u00e9seau d\u2019\u00e9ducation prioritaire&nbsp;\u00bb (REP). La poursuite de notre activit\u00e9 d\u00e9pend des subventions de fondations et des dons de particuliers afin de nous permettre de [&hellip;]<\/p>\n","protected":false},"author":2,"featured_media":0,"parent":0,"menu_order":0,"comment_status":"closed","ping_status":"closed","template":"","meta":{"footnotes":""},"class_list":["post-183","page","type-page","status-publish","hentry"],"jetpack_sharing_enabled":true,"_links":{"self":[{"href":"https:\/\/patronagesainteclaire.fr\/index.php\/wp-json\/wp\/v2\/pages\/183","targetHints":{"allow":["GET"]}}],"collection":[{"href":"https:\/\/patronagesainteclaire.fr\/index.php\/wp-json\/wp\/v2\/pages"}],"about":[{"href":"https:\/\/patronagesainteclaire.fr\/index.php\/wp-json\/wp\/v2\/types\/page"}],"author":[{"embeddable":true,"href":"https:\/\/patronagesainteclaire.fr\/index.php\/wp-json\/wp\/v2\/users\/2"}],"replies":[{"embeddable":true,"href":"https:\/\/patronagesainteclaire.fr\/index.php\/wp-json\/wp\/v2\/comments?post=183"}],"version-history":[{"count":22,"href":"https:\/\/patronagesainteclaire.fr\/index.php\/wp-json\/wp\/v2\/pages\/183\/revisions"}],"predecessor-version":[{"id":1463,"href":"https:\/\/patronagesainteclaire.fr\/index.php\/wp-json\/wp\/v2\/pages\/183\/revisions\/1463"}],"wp:attachment":[{"href":"https:\/\/patronagesainteclaire.fr\/index.php\/wp-json\/wp\/v2\/media?parent=183"}],"curies":[{"name":"wp","href":"https:\/\/api.w.org\/{rel}","templated":true}]}}