{"id":198,"date":"2023-03-21T12:12:32","date_gmt":"2023-03-21T11:12:32","guid":{"rendered":"https:\/\/patronagesainteclaire.fr\/?page_id=198"},"modified":"2026-01-12T14:28:15","modified_gmt":"2026-01-12T13:28:15","slug":"sejours-de-vacances","status":"publish","type":"page","link":"https:\/\/patronagesainteclaire.fr\/index.php\/les-activites\/sejours-de-vacances\/","title":{"rendered":"S\u00e9jours de vacances"},"content":{"rendered":"\n<p class=\"justification_texte has-black-color has-text-color has-medium-font-size\">Nous organisons deux s\u00e9jours de vacances : \u00e0 la montagne en hiver, \u00e0 la mer en \u00e9t\u00e9 !<\/p>\n\n\n\n<h2 class=\"wp-block-heading has-luminous-vivid-orange-color has-text-color has-large-font-size\">CAMP D&rsquo;HIVER &#8211; F\u00c9VRIER 2026<\/h2>\n\n\n\n<div class=\"wp-block-columns is-layout-flex wp-container-core-columns-is-layout-9d6595d7 wp-block-columns-is-layout-flex\">\n<div class=\"wp-block-column is-layout-flow wp-block-column-is-layout-flow\">\n<figure class=\"wp-block-image size-large\"><img decoding=\"async\" width=\"724\" height=\"1024\" src=\"https:\/\/patronagesainteclaire.fr\/wp-content\/uploads\/2026\/01\/Pub-patro-724x1024.png\" alt=\"\" class=\"wp-image-1512\" srcset=\"https:\/\/patronagesainteclaire.fr\/wp-content\/uploads\/2026\/01\/Pub-patro-724x1024.png 724w, https:\/\/patronagesainteclaire.fr\/wp-content\/uploads\/2026\/01\/Pub-patro-212x300.png 212w, https:\/\/patronagesainteclaire.fr\/wp-content\/uploads\/2026\/01\/Pub-patro-768x1086.png 768w, https:\/\/patronagesainteclaire.fr\/wp-content\/uploads\/2026\/01\/Pub-patro-1086x1536.png 1086w, https:\/\/patronagesainteclaire.fr\/wp-content\/uploads\/2026\/01\/Pub-patro-958x1355.png 958w, https:\/\/patronagesainteclaire.fr\/wp-content\/uploads\/2026\/01\/Pub-patro.png 1414w\" sizes=\"(max-width: 724px) 100vw, 724px\" \/><\/figure>\n<\/div>\n\n\n\n<div class=\"wp-block-column is-layout-flow wp-block-column-is-layout-flow\">\n<p><\/p>\n\n\n\n<p class=\"has-text-align-center justification_texte has-black-color has-text-color has-medium-font-size\">Le s\u00e9jour est organis\u00e9 par l\u2019\u00e9quipe habituelle du patro (les animateurs et la direction) ainsi qu&rsquo;une famille.  <\/p>\n\n\n\n<p class=\"has-text-align-center has-black-color has-text-color has-medium-font-size\"><strong>30 places<\/strong> pour des jeunes. <\/p>\n\n\n\n<p class=\"has-black-color has-text-color has-medium-font-size\">Au programme : randonn\u00e9e, ski, grands jeux, veill\u00e9es, etc. <\/p>\n\n\n\n<p class=\"has-text-align-center has-vivid-red-color has-text-color has-medium-font-size\"><strong>Pour s&rsquo;inscrire, merci de passer au patronage !<\/strong><\/p>\n\n\n\n<p class=\"has-text-align-center has-black-color has-text-color has-link-color has-medium-font-size wp-elements-e2734b1756f7d146c110f07219289d38\">Pour vous inscrire, merci de venir au bureau du patronage. <\/p>\n<\/div>\n<\/div>\n\n\n\n<p class=\"has-white-color has-text-color\">h<\/p>\n\n\n\n<h2 class=\"wp-block-heading has-luminous-vivid-orange-color has-text-color has-large-font-size\">CAMP D&rsquo;\u00c9T\u00c9 &#8211; JUILLET 2025<\/h2>\n\n\n\n<div class=\"wp-block-columns is-layout-flex wp-container-core-columns-is-layout-9d6595d7 wp-block-columns-is-layout-flex\">\n<div class=\"wp-block-column is-vertically-aligned-center is-layout-flow wp-block-column-is-layout-flow\" style=\"flex-basis:66.66%\">\n<p class=\"justification_texte has-black-color has-text-color has-medium-font-size\"><strong>Quand ?<\/strong> Du 7 au 19 juillet.<br><strong>O\u00f9 ?<\/strong> En Bretagne, pr\u00e8s de la mer. <br><strong>Pour qui ?<\/strong> 30 jeunes de 7 \u00e0 16 ans<br><strong>Avec qui ?<\/strong> L&rsquo;\u00e9quipe habituelle du patronage !<br><strong>Au programme :<\/strong> randonn\u00e9es, baignade, activit\u00e9s aquatiques, grands jeux, etc.<\/p>\n<\/div>\n\n\n\n<div class=\"wp-block-column is-layout-flow wp-block-column-is-layout-flow\" style=\"flex-basis:33.33%\">\n<figure class=\"wp-block-image size-full\"><img decoding=\"async\" width=\"1024\" height=\"768\" src=\"https:\/\/patronagesainteclaire.fr\/wp-content\/uploads\/2023\/09\/D9417844-13B9-46AB-BD84-9252B16509DD_1_105_c.jpeg\" alt=\"\" class=\"wp-image-467\" srcset=\"https:\/\/patronagesainteclaire.fr\/wp-content\/uploads\/2023\/09\/D9417844-13B9-46AB-BD84-9252B16509DD_1_105_c.jpeg 1024w, https:\/\/patronagesainteclaire.fr\/wp-content\/uploads\/2023\/09\/D9417844-13B9-46AB-BD84-9252B16509DD_1_105_c-300x225.jpeg 300w, https:\/\/patronagesainteclaire.fr\/wp-content\/uploads\/2023\/09\/D9417844-13B9-46AB-BD84-9252B16509DD_1_105_c-768x576.jpeg 768w, https:\/\/patronagesainteclaire.fr\/wp-content\/uploads\/2023\/09\/D9417844-13B9-46AB-BD84-9252B16509DD_1_105_c-958x719.jpeg 958w\" sizes=\"(max-width: 1024px) 100vw, 1024px\" \/><\/figure>\n<\/div>\n<\/div>\n\n\n\n<p class=\"has-text-align-center has-vivid-red-color has-text-color has-medium-font-size\"><strong>COMPLET<\/strong><\/p>\n\n\n\n<p><\/p>\n","protected":false},"excerpt":{"rendered":"<p>Nous organisons deux s\u00e9jours de vacances : \u00e0 la montagne en hiver, \u00e0 la mer en \u00e9t\u00e9 ! CAMP D&rsquo;HIVER &#8211; F\u00c9VRIER 2026 Le s\u00e9jour est organis\u00e9 par l\u2019\u00e9quipe habituelle du patro (les animateurs et la direction) ainsi qu&rsquo;une famille. 30 places pour des jeunes. Au programme : randonn\u00e9e, ski, grands jeux, veill\u00e9es, etc. Pour [&hellip;]<\/p>\n","protected":false},"author":2,"featured_media":0,"parent":65,"menu_order":3,"comment_status":"closed","ping_status":"closed","template":"","meta":{"footnotes":""},"class_list":["post-198","page","type-page","status-publish","hentry"],"jetpack_sharing_enabled":true,"_links":{"self":[{"href":"https:\/\/patronagesainteclaire.fr\/index.php\/wp-json\/wp\/v2\/pages\/198","targetHints":{"allow":["GET"]}}],"collection":[{"href":"https:\/\/patronagesainteclaire.fr\/index.php\/wp-json\/wp\/v2\/pages"}],"about":[{"href":"https:\/\/patronagesainteclaire.fr\/index.php\/wp-json\/wp\/v2\/types\/page"}],"author":[{"embeddable":true,"href":"https:\/\/patronagesainteclaire.fr\/index.php\/wp-json\/wp\/v2\/users\/2"}],"replies":[{"embeddable":true,"href":"https:\/\/patronagesainteclaire.fr\/index.php\/wp-json\/wp\/v2\/comments?post=198"}],"version-history":[{"count":32,"href":"https:\/\/patronagesainteclaire.fr\/index.php\/wp-json\/wp\/v2\/pages\/198\/revisions"}],"predecessor-version":[{"id":1514,"href":"https:\/\/patronagesainteclaire.fr\/index.php\/wp-json\/wp\/v2\/pages\/198\/revisions\/1514"}],"up":[{"embeddable":true,"href":"https:\/\/patronagesainteclaire.fr\/index.php\/wp-json\/wp\/v2\/pages\/65"}],"wp:attachment":[{"href":"https:\/\/patronagesainteclaire.fr\/index.php\/wp-json\/wp\/v2\/media?parent=198"}],"curies":[{"name":"wp","href":"https:\/\/api.w.org\/{rel}","templated":true}]}}